-- https://www.phpmyadmin.net/
--

START TRANSACTION;



--
-- Database: `anugerah`
--

-- --------------------------------------------------------

--
-- Table structure for table `category`
--

CREATE TABLE `category` (
  `id` int(11) NOT NULL,
  `name` varchar(499) COLLATE utf8_unicode_ci NOT NULL,
  `created_user_id` int(11) NOT NULL,
  `created_datetime` datetime NOT NULL,
  `updated_user_id` int(11) NOT NULL,
  `updated_datetime` datetime NOT NULL,
  `status` int(1) NOT NULL
) ENGINE=MyISAM DEFAULT CHARSET=utf8 COLLATE=utf8_unicode_ci;

--
-- Dumping data for table `category`
--

INSERT INTO `category` (`id`, `name`, `created_user_id`, `created_datetime`, `updated_user_id`, `updated_datetime`, `status`) VALUES
(1, 'Umum', 1, '2016-09-11 19:15:34', 1, '2023-12-28 23:30:29', 1),
(3, 'Minuman', 1, '2016-09-11 19:15:52', 1, '2023-12-28 23:30:35', 0),
(4, 'Rokok', 1, '2016-09-11 19:30:02', 1, '2023-12-28 23:30:40', 0),
(5, 'Makanan', 1, '2016-09-11 19:31:08', 1, '2023-12-28 23:30:45', 0),
(6, 'Mie Instan', 1, '2016-09-11 19:31:12', 1, '2023-12-28 23:30:49', 0),
(7, 'Sayuran', 1, '2016-09-11 19:31:18', 1, '2023-12-28 23:30:54', 0),
(8, 'Bahan Masak', 1, '2016-09-11 19:31:27', 1, '2023-12-28 23:30:58', 0);

-- --------------------------------------------------------

--
-- Table structure for table `ci_sessions`
--

CREATE TABLE `ci_sessions` (
  `id` varchar(40) COLLATE utf8_unicode_ci NOT NULL,
  `ip_address` varchar(45) COLLATE utf8_unicode_ci NOT NULL,
  `timestamp` int(10) UNSIGNED NOT NULL DEFAULT '0',
  `data` blob NOT NULL
) ENGINE=MyISAM DEFAULT CHARSET=utf8 COLLATE=utf8_unicode_ci;

--
-- Dumping data for table `ci_sessions`
--

INSERT INTO `ci_sessions` (`id`, `ip_address`, `timestamp`, `data`) VALUES
('0ncpg75g6n43acrc8n52ck3osku7bk13', '112.215.220.197', 1703824430, 0x5f5f63695f6c6173745f726567656e65726174657c693a313730333832343433303b),
('jamvtqd3ek2aqmnap70c5dqauebl67e1', '182.253.163.58', 1703814170, 0x[BLOB]),
('hm4g7b5cq8eq2qfbnge115kk4bhaeai0', '112.215.220.197', 1703829197, 0x[BLOB]),
('4r6pr9evqesbbodpt2e3gm94817lliek', '112.215.220.197', 1703829481, 0x[BLOB]),
('8g2qe0rti798n48tqp55ipbkonr5uen0', '180.254.224.192', 1703832396, 0x5f5f63695f6c6173745f726567656e65726174657c693a313730333833323339353b),
('19u80qm1jrt0mia9qc8ti85oah8rh6g6', '180.254.224.192', 1703833043, 0x[BLOB]),
('lmjcrblbmrv5fdv3ffq4td1cb2rormbo', '180.254.224.192', 1703835925, 0x[BLOB]),
('7tbqceec03u7urtp4cjtae7jc4q4ed0u', '180.254.224.192', 1703836526, 0x[BLOB]),
('hvu2ke20moakiapgtb7u5lfqvjgscop4', '180.254.224.192', 1703837611, 0x[BLOB]),
('jsovn8867frmn9pv1jl2932ch5ohrk3s', '180.254.224.192', 1703837911, 0x[BLOB]),
('61ekh8alm4153pagdrdj9ktf0uvpvkvc', '180.254.224.192', 1703838292, 0x[BLOB]),
('r87c3s1jq7crsi6midv1gd55l6vhja2f', '180.254.224.192', 1703838297, 0x[BLOB]),
('tvh2fohkigi84ifbunce1fihc2nkjo89', '180.254.224.192', 1703838797, 0x[BLOB]),
('1gt653unrvhj6atnri8qsfel3k1s9d86', '::1', 1703839161, 0x[BLOB]),
('8tjdkn5rf1tdgl1hr6psv73kl9aicorb', '::1', 1703843043, 0x[BLOB]),
('1b9gs2md849k750sek9cn2sos4vs8p60', '::1', 1703843671, 0x[BLOB]),
('6mpkndlu9ceqnjt7b38vk4f3acmik9f3', '::1', 1703844261, 0x[BLOB]),
('auefedv134ukj71sqom5dbic92g9nir4', '::1', 1703844696, 0x[BLOB]),
('4iqetdbupt9lhohfupvbdu52f5muujct', '::1', 1703845310, 0x[BLOB]),
('5st08o29mv18b6moe3o06rbol13b21mn', '::1', 1703845881, 0x[BLOB]),
('pp52fmnm6v2c78g8b2hgl0ib8v7rpfu1', '::1', 1703845941, 0x[BLOB]),
('idlcasm7dk8el2f5ts8reoc2sclvtuvt', '::1', 1703846778, 0x[BLOB]),
('jgeii967vshnmobdb7glupb2p3uvm9d6', '::1', 1703847921, 0x[BLOB]),
('bt39anias9phvd3q2lpkd9fent0918ta', '::1', 1703848258, 0x[BLOB]),
('318999f1jtk3bb1qltcekouilphc468r', '::1', 1703849150, 0x[BLOB]),
('cughpltj0gebu0a9n70s0g91q63ts10d', '::1', 1703849491, 0x[BLOB]),
('ghbdo9p9miq7381p8uil095cbpqqlveu', '::1', 1703849731, 0x[BLOB]),
('nsnbc5hof6fqd7js9r8ds668dae66gqh', '::1', 1703850194, 0x[BLOB]),
('vo1ks8ptgof2gmt3p5skpaj0porv7i8b', '::1', 1703850431, 0x[BLOB]),
('p8h66geiv06vs4u1jmptiminkq1er1qm', '::1', 1703850802, 0x[BLOB]),
('itsib8jmi3pgu571i0peg8g9skl9mqpq', '::1', 1703850973, 0x[BLOB]),
('1aporcgui5gtpseutm435p6oobms0vp6', '::1', 1703852989, 0x[BLOB]),
('dd3f5c07resm9pm03ph4uj873rgrd069', '::1', 1703853439, 0x[BLOB]),
('qoto1mcppdr3nnv91ncu92lguh1jeqmv', '::1', 1703853783, 0x[BLOB]),
('levkcpsqh95fa4j3k57n2d5k1jd1l6cr', '::1', 1703854023, 0x[BLOB]),
('l7js1ssd0ubmojv31oq14fi52nfqvp5h', '::1', 1703854234, 0x[BLOB]),
('5vi22hnfd3p1lqvkveoigucgsaos69a0', '::1', 1703854591, 0x[BLOB]),
('hm8mj4ju3s4h5u9clm11rmqlip56gvu8', '::1', 1703855418, 0x[BLOB]),
('feg4ip4i4am7mqt7n4rjishcbqd8i715', '::1', 1703855440, 0x[BLOB]),
('vg2vcvl8kuk99pj5rium2it730l8g02r', '::1', 1703856961, 0x[BLOB]),
('ttvar4bmpjmjdsgpju7kdltnt8fq8305', '::1', 1703861433, 0x[BLOB]),
('voi5tg0gcpugi4678fli0ocksfmufoq1', '::1', 1703861752, 0x[BLOB]),
('3n4oep099nj8kltaiak4kunsvip1ampb', '::1', 1703862025, 0x[BLOB]),
('s30vtf59gn8up0v2bt4v6jpqkgk9v9li', '::1', 1703862392, 0x[BLOB]),
('0g66fqidgotp469aolc8209s8ec18j7t', '::1', 1703862766, 0x[BLOB]),
('debcmvotic5qmlplqg8h0klqs9ded94f', '::1', 1703863460, 0x[BLOB]),
('5nt1hha3sqm2sap3876ehel0mn6j8quq', '::1', 1703863807, 0x[BLOB]),
('28khopkh27ptpu1jbtm45sqbl47fid7b', '::1', 1703864261, 0x[BLOB]),
('km4k26gjhfi6lcu98onf4hbhdbp6fajh', '::1', 1703864353, 0x[BLOB]),
('gglr1bdm1aq3eql99hk9o9il0aqg9c9k', '::1', 1703864942, 0x[BLOB]),
('2h10q83cmqa1sc5kng0qobgd6e6hof1c', '::1', 1703865226, 0x[BLOB]),
('p2v8bkq01rpto4ob48paeau53ahhod0r', '::1', 1703865572, 0x[BLOB]),
('fksj5t7itc9q69kj1asa0n1v726lgep3', '::1', 1703865995, 0x[BLOB]),
('jgkokv38mdvf9b55b2fg271bglva1sjv', '::1', 1703866155, 0x[BLOB]),
('u75ibjjh56i7uo6jhg1iu0nqupgttnjm', '::1', 1703866660, 0x[BLOB]),
('cude8eij9q60ee3g7pejbkrmb484nca6', '::1', 1703866973, 0x[BLOB]),
('ehhri8pcf3doapskm8a4o8uiim5pjki1', '::1', 1703867413, 0x[BLOB]),
('p7rpmctul4fun1dpr6i12di7keqk8nm3', '::1', 1703867573, 0x[BLOB]),
('5b6e7fv3jfetg1brt5g1d61aao9q49uu', '::1', 1703868228, 0x[BLOB]),
('e3dadbuovlmepbod9evd5no74vg835rs', '::1', 1703868764, 0x[BLOB]),
('7dq53rbgk536860fd3nli4lh8fg6dj8d', '::1', 1703868941, 0x[BLOB]),
('9sdknee267ok6p181g3h226a7fh5fcd4', '::1', 1703869367, 0x[BLOB]),
('42obhum0ln65asl54md7f8g2l8s8j84k', '::1', 1703947271, 0x[BLOB]),
('vaqegklovig774fcu4prbhkpu5716ddv', '::1', 1703945514, 0x5f5f63695f6c6173745f726567656e65726174657c693a313730333934353531343b),
('6f5ahk2ol1ohaf700el40a6f5m8dfsre', '::1', 1703945726, 0x[BLOB]),
('nrdu2jgcq53lsif25e14srrjl974nfgh', '::1', 1703951087, 0x[BLOB]),
('l20l0iasjcsda92ntv042qeia04mnoa8', '::1', 1703959737, 0x[BLOB]),
('0rb619rngafv9fcafoupm238k2rah4ch', '::1', 1703960454, 0x[BLOB]),
('tuk2c2t7if5fpols5rv25v9mr49j8cqh', '::1', 1703960785, 0x[BLOB]),
('oqs2t9ki9i6epmhgis3ur9acv3krmrd5', '::1', 1703960903, 0x[BLOB]),
('4mjab8rtpsft88n8bgqaf5cjittknofj', '::1', 1703961433, 0x[BLOB]),
('sseog83be13as2k4hc1l76mgoc2m4nb0', '::1', 1703961686, 0x[BLOB]),
('9489ufactq680vhbn9r82mviboi5lei0', '::1', 1703962158, 0x[BLOB]),
('qbiv68suuc5knfddigrlbmgrl2itfupp', '::1', 1703962259, 0x[BLOB]),
('u3qpla1ep4legjt00cnqe2rnmdvnt9rq', '::1', 1703962870, 0x[BLOB]),
('4sgjom0hb3ii9tqa48v59hdqlqc8i2he', '::1', 1703963052, 0x[BLOB]),
('tue6pavkbgj3rjkj7qm8l2rd0fl0t2dh', '::1', 1703964386, 0x[BLOB]),
('9q7aoqu886vi21qgrae8632dd8pk69gj', '::1', 1703965959, 0x[BLOB]),
('ld0fc7i7mrv0a8dt71ncosa79gr0v1vl', '::1', 1703966451, 0x[BLOB]),
('oh7p4j6brdvovgpifdibtagqs6t5cd04', '::1', 1703966717, 0x[BLOB]),
('jctpqq18b2fu3figjlusqvks87od71hj', '::1', 1703966987, 0x[BLOB]),
('qf51useu3jl9t2mrdp3n4ojmj2nrnarv', '::1', 1703967585, 0x[BLOB]),
('os3g5k6knf1hq61gl1e869ul1mle6h39', '::1', 1703998743, 0x[BLOB]),
('n9n7q1d8qs87alus61b3ssejv2jlcgot', '::1', 1703999321, 0x[BLOB]),
('s71be7it82sbqsqpv09dlj5mhahgafin', '::1', 1703999616, 0x[BLOB]),
('blvk394ilfd6orddidr1rj4o7q362o96', '::1', 1703999693, 0x[BLOB]),
('iheprl4j7u1mt75njav8u4795h4lrlv5', '::1', 1704000300, 0x[BLOB]),
('e2qobmdd7fevfth61pkk9rcvvqsoutp0', '::1', 1704000454, 0x[BLOB]),
('p5tun08jretracfak9hdkrrovcb38ron', '::1', 1704000914, 0x[BLOB]),
('9sgqb3bglu67rugij72ehrrjhn1288on', '::1', 1704001415, 0x[BLOB]),
('kvft93mv0hc181rcq9vccjstq9meiq09', '::1', 1704001708, 0x[BLOB]),
('20p24eelv9d8hq31cncfd3cj5oghhhcu', '::1', 1704002037, 0x[BLOB]),
('a8un1ofb01ddlvkbv9hbqklkn3og9or6', '::1', 1704002316, 0x[BLOB]),
('ekn2ob91gsvdfgs7su6cl08uq92u4uv1', '::1', 1704002801, 0x[BLOB]),
('4b8g1lsolf0s6jot8dqi758d2ief8j6v', '::1', 1704003221, 0x[BLOB]),
('d2tpalnplhg7q11kcnub32e5k5ug9f02', '::1', 1704003522, 0x[BLOB]),
('rn96g9knpmajcrgjuqu0g43ta3oa3td1', '::1', 1704003812, 0x[BLOB]),
('41ec7nqipafu4rcvnp2m6fqr0pmi1fve', '::1', 1704003828, 0x[BLOB]),
('kp8furncubkhnlhq636a1a3prm2r20lg', '::1', 1704006265, 0x[BLOB]),
('36t70gc37gagvqba2v46179ekfl5avt7', '::1', 1704006889, 0x[BLOB]),
('l6d30blkg5pf3r4k4ag0l7ftakefo3os', '::1', 1704007098, 0x[BLOB]),
('oecl0tpq31nrq4tnifoleiqvmq7jidlr', '::1', 1704007596, 0x[BLOB]),
('i34hnbmqh16866hs5leq9elrna9brmb7', '::1', 1704007749, 0x[BLOB]),
('mhheigaifggjn6v5f5lr7djie1vkd3dk', '::1', 1704008412, 0x[BLOB]),
('bvm7qqp3lhecfs1eck988e2gr4bf673s', '::1', 1704008547, 0x[BLOB]),
('143i27ui9e42qt1c4of71135hd309p2o', '::1', 1704009048, 0x[BLOB]),
('q5av45otspltsutli8b19eo5hgckgfs3', '::1', 1704009332, 0x[BLOB]),
('s4fvacobpb4iqfhp8eguosmutn7cnbfu', '::1', 1704009663, 0x[BLOB]),
('ttnpo3eohhs0dboc04f6t4k31sbtgepe', '::1', 1704009890, 0x[BLOB]),
('n7dh4naari6rn8spfja5vivc9m7iv8es', '::1', 1704010292, 0x[BLOB]),
('ie85malt3p7kto20jhpnuq2rk9mclhm5', '::1', 1704010628, 0x[BLOB]),
('f1jcf43iag2tlntrp4sbd0ertbomrojg', '::1', 1704010654, 0x[BLOB]),
('lss7j72jl3k47eu6mcot7ifal2k3mq38', '::1', 1704011243, 0x[BLOB]),
('j1q5m0ne8gcopr574m3v9umjkl57fv8r', '::1', 1704011616, 0x[BLOB]),
('k2cas2800ea0ttbta429rn3oqbctoi0e', '::1', 1704011935, 0x[BLOB]),
('j1or57ues1hgnkfgn9jhvbciqdt0tlcs', '::1', 1704012366, 0x[BLOB]),
('q71cie11jvkdr5mqcj1m52jv7lk6es69', '::1', 1704012665, 0x[BLOB]),
('7fkmg89frd1nl2ppjvh5r38v97bgbvmq', '::1', 1704012890, 0x[BLOB]),
('66nlh47u66t7j09bo3tjb5h1rb3k3jf9', '::1', 1704013241, 0x[BLOB]),
('9frjn010p2mhaeojcvsf24h7gno45j0j', '::1', 1704013731, 0x[BLOB]),
('mqn7kj1v1kjpt4j6hsld988p5euup6i4', '::1', 1704014019, 0x[BLOB]),
('12omojijfm531ijtl4v2005s9r658ri9', '::1', 1704014666, 0x[BLOB]),
('ppm9c557149uiuvdn2qo0rfsi39c1ck0', '::1', 1704014967, 0x[BLOB]);

-- --------------------------------------------------------

--
-- Table structure for table `currency`
--

CREATE TABLE `currency` (
  `iso` char(3) CHARACTER SET utf8 NOT NULL DEFAULT '',
  `name` varchar(200) COLLATE utf8_unicode_ci NOT NULL
) ENGINE=MyISAM DEFAULT CHARSET=utf8 COLLATE=utf8_unicode_ci;

--
-- Dumping data for table `currency`
--

INSERT INTO `currency` (`iso`, `name`) VALUES
('KRW', '(South) Korean Won'),
('AFA', 'Afghanistan Afghani'),
('ALL', 'Albanian Lek'),
('DZD', 'Algerian Dinar'),
('ADP', 'Andorran Peseta'),
('AOK', 'Angolan Kwanza'),
('ARS', 'Argentine Peso'),
('AMD', 'Armenian Dram'),
('AWG', 'Aruban Florin'),
('AUD', 'Australian Dollar'),
('BSD', 'Bahamian Dollar'),
('BHD', 'Bahraini Dinar'),
('BDT', 'Bangladeshi Taka'),
('BBD', 'Barbados Dollar'),
('BZD', 'Belize Dollar'),
('BMD', 'Bermudian Dollar'),
('BTN', 'Bhutan Ngultrum'),
('BOB', 'Bolivian Boliviano'),
('BWP', 'Botswanian Pula'),
('BRL', 'Brazilian Real'),
('GBP', 'British Pound'),
('BND', 'Brunei Dollar'),
('BGN', 'Bulgarian Lev'),
('BUK', 'Burma Kyat'),
('BIF', 'Burundi Franc'),
('CAD', 'Canadian Dollar'),
('CVE', 'Cape Verde Escudo'),
('KYD', 'Cayman Islands Dollar'),
('CLP', 'Chilean Peso'),
('CLF', 'Chilean Unidades de Fomento'),
('COP', 'Colombian Peso'),
('XOF', 'Communauté Financière Africaine BCEAO - Francs'),
('XAF', 'Communauté Financière Africaine BEAC, Francs'),
('KMF', 'Comoros Franc'),
('XPF', 'Comptoirs Français du Pacifique Francs'),
('CRC', 'Costa Rican Colon'),
('CUP', 'Cuban Peso'),
('CYP', 'Cyprus Pound'),
('CZK', 'Czech Republic Koruna'),
('DKK', 'Danish Krone'),
('YDD', 'Democratic Yemeni Dinar'),
('DOP', 'Dominican Peso'),
('XCD', 'East Caribbean Dollar'),
('TPE', 'East Timor Escudo'),
('ECS', 'Ecuador Sucre'),
('EGP', 'Egyptian Pound'),
('SVC', 'El Salvador Colon'),
('EEK', 'Estonian Kroon (EEK)'),
('ETB', 'Ethiopian Birr'),
('EUR', 'Euro'),
('FKP', 'Falkland Islands Pound'),
('FJD', 'Fiji Dollar'),
('GMD', 'Gambian Dalasi'),
('GHC', 'Ghanaian Cedi'),
('GIP', 'Gibraltar Pound'),
('XAU', 'Gold, Ounces'),
('GTQ', 'Guatemalan Quetzal'),
('GNF', 'Guinea Franc'),
('GWP', 'Guinea-Bissau Peso'),
('GYD', 'Guyanan Dollar'),
('HTG', 'Haitian Gourde'),
('HNL', 'Honduran Lempira'),
('HKD', 'Hong Kong Dollar'),
('HUF', 'Hungarian Forint'),
('INR', 'Indian Rupee'),
('IDR', 'Indonesian Rupiah'),
('XDR', 'International Monetary Fund (IMF) Special Drawing Rights'),
('IRR', 'Iranian Rial'),
('IQD', 'Iraqi Dinar'),
('IEP', 'Irish Punt'),
('ILS', 'Israeli Shekel'),
('JMD', 'Jamaican Dollar'),
('JPY', 'Japanese Yen'),
('JOD', 'Jordanian Dinar'),
('KHR', 'Kampuchean (Cambodian) Riel'),
('KES', 'Kenyan Schilling'),
('KWD', 'Kuwaiti Dinar'),
('LAK', 'Lao Kip'),
('LBP', 'Lebanese Pound'),
('LSL', 'Lesotho Loti'),
('LRD', 'Liberian Dollar'),
('LYD', 'Libyan Dinar'),
('MOP', 'Macau Pataca'),
('MGF', 'Malagasy Franc'),
('MWK', 'Malawi Kwacha'),
('MYR', 'Malaysian Ringgit'),
('MVR', 'Maldive Rufiyaa'),
('MTL', 'Maltese Lira'),
('MRO', 'Mauritanian Ouguiya'),
('MUR', 'Mauritius Rupee'),
('MXP', 'Mexican Peso'),
('MNT', 'Mongolian Tugrik'),
('MAD', 'Moroccan Dirham'),
('MZM', 'Mozambique Metical'),
('NAD', 'Namibian Dollar'),
('NPR', 'Nepalese Rupee'),
('ANG', 'Netherlands Antillian Guilder'),
('YUD', 'New Yugoslavia Dinar'),
('NZD', 'New Zealand Dollar'),
('NIO', 'Nicaraguan Cordoba'),
('NGN', 'Nigerian Naira'),
('KPW', 'North Korean Won'),
('NOK', 'Norwegian Kroner'),
('OMR', 'Omani Rial'),
('PKR', 'Pakistan Rupee'),
('XPD', 'Palladium Ounces'),
('PAB', 'Panamanian Balboa'),
('PGK', 'Papua New Guinea Kina'),
('PYG', 'Paraguay Guarani'),
('PEN', 'Peruvian Nuevo Sol'),
('PHP', 'Philippine Peso'),
('XPT', 'Platinum, Ounces'),
('PLN', 'Polish Zloty'),
('QAR', 'Qatari Rial'),
('RON', 'Romanian Leu'),
('RUB', 'Russian Ruble'),
('RWF', 'Rwanda Franc'),
('WST', 'Samoan Tala'),
('STD', 'Sao Tome and Principe Dobra'),
('SAR', 'Saudi Arabian Riyal'),
('SCR', 'Seychelles Rupee'),
('SLL', 'Sierra Leone Leone'),
('XAG', 'Silver, Ounces'),
('SGD', 'Singapore Dollar'),
('SKK', 'Slovak Koruna'),
('SBD', 'Solomon Islands Dollar'),
('SOS', 'Somali Schilling'),
('ZAR', 'South African Rand'),
('LKR', 'Sri Lanka Rupee'),
('SHP', 'St. Helena Pound'),
('SDP', 'Sudanese Pound'),
('SRG', 'Suriname Guilder'),
('SZL', 'Swaziland Lilangeni'),
('SEK', 'Swedish Krona'),
('CHF', 'Swiss Franc'),
('SYP', 'Syrian Potmd'),
('TWD', 'Taiwan Dollar'),
('TZS', 'Tanzanian Schilling'),
('THB', 'Thai Baht'),
('TOP', 'Tongan Paanga'),
('TTD', 'Trinidad and Tobago Dollar'),
('TND', 'Tunisian Dinar'),
('TRY', 'Turkish Lira'),
('UGX', 'Uganda Shilling'),
('AED', 'United Arab Emirates Dirham'),
('UYU', 'Uruguayan Peso'),
('USD', 'US Dollar'),
('VUV', 'Vanuatu Vatu'),
('VEF', 'Venezualan Bolivar'),
('VND', 'Vietnamese Dong'),
('YER', 'Yemeni Rial'),
('CNY', 'Yuan (Chinese) Renminbi'),
('ZRZ', 'Zaire Zaire'),
('ZMK', 'Zambian Kwacha'),
('ZWD', 'Zimbabwe Dollar');

-- --------------------------------------------------------

--
-- Table structure for table `customers`
--

CREATE TABLE `customers` (
  `id` int(11) NOT NULL,
  `fullname` varchar(499) COLLATE utf8_unicode_ci NOT NULL,
  `email` varchar(499) COLLATE utf8_unicode_ci NOT NULL,
  `mobile` varchar(255) COLLATE utf8_unicode_ci NOT NULL,
  `created_user_id` int(11) NOT NULL,
  `created_datetime` datetime NOT NULL
) ENGINE=MyISAM DEFAULT CHARSET=utf8 COLLATE=utf8_unicode_ci;

--
-- Dumping data for table `customers`
--

INSERT INTO `customers` (`id`, `fullname`, `email`, `mobile`, `created_user_id`, `created_datetime`) VALUES
(1, 'Umum', '', '', 1, '2016-10-18 00:00:00');

-- --------------------------------------------------------

--
-- Table structure for table `expenses`
--

CREATE TABLE `expenses` (
  `id` int(11) NOT NULL,
  `expenses_number` varchar(255) COLLATE utf8_unicode_ci NOT NULL,
  `expense_category` int(11) NOT NULL,
  `outlet_id` int(11) NOT NULL,
  `outlet_name` varchar(4999) COLLATE utf8_unicode_ci NOT NULL,
  `date` date NOT NULL,
  `amount` decimal(11,0) NOT NULL,
  `reason` longtext COLLATE utf8_unicode_ci NOT NULL,
  `file_name` varchar(499) COLLATE utf8_unicode_ci NOT NULL,
  `created_user_id` int(11) NOT NULL,
  `created_datetime` datetime NOT NULL,
  `updated_user_id` int(11) NOT NULL,
  `updated_datetime` datetime NOT NULL,
  `status` int(1) NOT NULL
) ENGINE=MyISAM DEFAULT CHARSET=utf8 COLLATE=utf8_unicode_ci;

--
-- Dumping data for table `expenses`
--

INSERT INTO `expenses` (`id`, `expenses_number`, `expense_category`, `outlet_id`, `outlet_name`, `date`, `amount`, `reason`, `file_name`, `created_user_id`, `created_datetime`, `updated_user_id`, `updated_datetime`, `status`) VALUES
(3, 'agus', 1, 3, '', '2023-12-31', '10000', 'asdadas', '', 1, '2023-12-31 16:07:51', 0, '0000-00-00 00:00:00', 1),
(4, 'juni', 1, 3, '', '2023-12-31', '19000', 'asdasdas', '', 1, '2023-12-31 16:15:31', 0, '0000-00-00 00:00:00', 1);

-- --------------------------------------------------------

--
-- Table structure for table `expense_categories`
--

CREATE TABLE `expense_categories` (
  `id` int(11) NOT NULL,
  `name` varchar(499) COLLATE utf8_unicode_ci NOT NULL,
  `created_user_id` int(11) NOT NULL,
  `created_datetime` datetime NOT NULL,
  `updated_user_id` int(11) NOT NULL,
  `updated_datetime` datetime NOT NULL,
  `status` int(11) NOT NULL COMMENT '0: Inactive, 1: Active'
) ENGINE=MyISAM DEFAULT CHARSET=utf8 COLLATE=utf8_unicode_ci;

--
-- Dumping data for table `expense_categories`
--

INSERT INTO `expense_categories` (`id`, `name`, `created_user_id`, `created_datetime`, `updated_user_id`, `updated_datetime`, `status`) VALUES
(1, 'Gaji', 1, '2018-10-19 00:14:05', 0, '0000-00-00 00:00:00', 1);

-- --------------------------------------------------------

--
-- Table structure for table `inventory`
--

CREATE TABLE `inventory` (
  `id` int(11) NOT NULL,
  `product_code` varchar(499) COLLATE utf8_unicode_ci NOT NULL,
  `outlet_id` int(11) NOT NULL,
  `qty` int(11) NOT NULL
) ENGINE=MyISAM DEFAULT CHARSET=utf8 COLLATE=utf8_unicode_ci;

--
-- Dumping data for table `inventory`
--

INSERT INTO `inventory` (`id`, `product_code`, `outlet_id`, `qty`) VALUES
(1, 'idm007', 3, 149),
(2, 'idm006', 3, 149),
(3, 'idm005', 3, 49),
(4, 'idm004', 3, 29),
(5, 'idm003', 3, 48),
(6, 'idm002', 3, 15),
(7, 'idm001', 3, 2),
(8, 'mnm010', 3, 99),
(9, 'mnm009', 3, 97),
(10, 'mnm008', 3, 99),
(11, 'mnm007', 3, 98),
(12, 'mnm006', 3, 93),
(13, 'mnm004', 3, 98),
(14, 'mnm003', 3, 98),
(15, 'mnm002', 3, 96),
(16, 'bhm003', 3, 0),
(17, 'bhm002', 6, 0),
(18, 'bhm001', 6, 0),
(19, 'dtg004', 6, 0),
(20, 'dtg003', 6, 50),
(21, 'dtg002', 6, 50),
(22, 'dtg001', 6, 50),
(23, 'mnm010', 6, 50),
(24, 'mnm009', 6, 50),
(25, 'mnm008', 6, 50),
(26, 'mnm007', 6, 60),
(27, 'mnm006', 6, 50),
(28, 'mnm005', 6, 50),
(29, 'mnm004', 6, 50),
(30, 'mnm003', 6, 50),
(31, 'mnm002', 6, 50),
(32, 'mnm001', 6, 50),
(33, 'mk008', 6, 50),
(34, 'mkn007', 6, 49),
(35, 'mkn006', 6, 49),
(36, 'mkn005', 6, 50),
(37, 'mkn004', 6, 50),
(38, 'mkn003', 6, 50),
(39, 'mkn002', 6, 50),
(40, 'mkn001', 6, 50),
(41, 'idm007', 6, 50),
(42, 'idm006', 6, 48),
(43, 'idm005', 6, 49),
(44, 'idm004', 6, 49),
(45, 'idm003', 6, 49),
(46, 'idm002', 6, 49),
(47, 'idm001', 6, 49),
(48, 'bhm002', 3, 0),
(49, 'bhm001', 3, 0),
(50, 'dtg004', 3, 0),
(51, '8998009010910', 3, 1297),
(52, '8993083936668', 3, 997),
(53, '8993083936514', 3, 997),
(54, '8993083926270', 3, 997),
(55, '8993083938990', 3, 997),
(56, '089686723069', 3, 1099);

-- --------------------------------------------------------

--
-- Table structure for table `order_items`
--

CREATE TABLE `order_items` (
  `id` int(11) NOT NULL,
  `order_id` int(11) NOT NULL,
  `product_code` varchar(499) COLLATE utf8_unicode_ci NOT NULL,
  `product_name` varchar(499) COLLATE utf8_unicode_ci NOT NULL,
  `product_category` int(11) NOT NULL,
  `cost` decimal(11,0) NOT NULL,
  `price` decimal(11,0) NOT NULL,
  `qty` int(11) NOT NULL
) ENGINE=MyISAM DEFAULT CHARSET=utf8 COLLATE=utf8_unicode_ci;

--
-- Dumping data for table `order_items`
--

INSERT INTO `order_items` (`id`, `order_id`, `product_code`, `product_name`, `product_category`, `cost`, `price`, `qty`) VALUES
(1, 1, 'idm001', 'Indomie Ayam Bawang', 6, '2150', '2500', 1),
(2, 2, 'idm002', 'Indomie Goreng', 6, '2150', '2500', 20),
(3, 2, 'idm001', 'Indomie Ayam Bawang', 6, '2150', '2500', 20),
(4, 2, 'idm004', 'Indomie Empal Gentong', 6, '2150', '2500', 20),
(5, 4, 'mnm006', 'Club Air Mineral Galon', 3, '10500', '12500', 5),
(6, 4, 'mnm002', 'Cafela Expresso 200 ml', 3, '2650', '3200', 3),
(7, 4, 'mnm003', 'Calpico Mini Rasa Anggur Blueberry 70 ml', 3, '1125', '1500', 1),
(8, 5, 'idm001', 'Indomie Ayam Bawang', 6, '2150', '2500', 2),
(9, 5, 'mnm004', 'Calpico Frezz Original 350 ml', 3, '5150', '5500', 1),
(10, 6, 'idm002', 'Indomie Goreng', 6, '2150', '2500', 1),
(11, 7, 'idm001', 'Indomie Ayam Bawang', 6, '2150', '2500', 1),
(12, 7, 'idm002', 'Indomie Goreng', 6, '2150', '2500', 1),
(13, 7, 'idm003', 'Indomie Soto Banjar', 6, '2150', '2500', 1),
(14, 7, 'idm004', 'Indomie Empal Gentong', 6, '2150', '2500', 1),
(15, 7, 'idm006', 'Indomie Ayam Panggang', 6, '2150', '2500', 1),
(16, 8, 'idm005', 'Indomie Ayam Spesial', 6, '2150', '2500', 1),
(17, 8, 'idm006', 'Indomie Ayam Panggang', 6, '2150', '2500', 1),
(18, 8, 'mkn007', 'Chitato Kepiting Goreng Telur Asin 55 gr', 5, '6000', '6500', 1),
(19, 8, 'mkn006', 'Chitato Foodie Rasa Sapi Panggang Madu 55 gr', 5, '6000', '6500', 1),
(20, 9, 'idm001', 'Indomie Ayam Bawang', 6, '2150', '2500', 1),
(21, 9, 'idm002', 'Indomie Goreng', 6, '2150', '2500', 1),
(22, 9, 'idm003', 'Indomie Soto Banjar', 6, '2150', '2500', 1),
(23, 9, 'mnm006', 'Club Air Mineral Galon', 3, '10500', '12500', 1),
(24, 9, 'mnm007', 'Freiss Squash Rasa Jeruk 520 ml', 3, '10000', '12000', 1),
(25, 10, 'mnm009', 'Milkuat Freshy Rasa Jeruk Mandarin 130 ml', 1, '220', '2500', 1),
(26, 11, 'mnm009', 'Milkuat Freshy Rasa Jeruk Mandarin 130 ml', 1, '220', '2500', 1),
(27, 12, 'idm001', 'Indomie Ayam Bawang', 1, '2150', '2500', 1),
(28, 13, 'idm001', 'Indomie Ayam Bawang', 1, '2150', '2500', 1),
(29, 14, 'idm001', 'Indomie Ayam Bawang', 1, '2150', '2500', 1),
(30, 15, 'idm001', 'Indomie Ayam Bawang', 1, '2150', '2500', 1),
(31, 16, 'idm001', 'Indomie Ayam Bawang', 1, '2150', '2500', 1),
(32, 17, 'bhm003', 'Bimoli Minyak Goreng 1 Liter Pouch', 1, '13500', '15500', 1),
(33, 18, 'idm001', 'Indomie Ayam Bawang', 1, '2150', '2500', 1),
(34, 19, 'idm001', 'Indomie Ayam Bawang', 1, '2150', '2500', 1),
(35, 20, 'idm001', 'Indomie Ayam Bawang', 1, '2150', '2500', 1),
(36, 21, 'idm001', 'Indomie Ayam Bawang', 1, '2150', '2500', 1),
(37, 22, 'idm001', 'Indomie Ayam Bawang', 1, '2150', '2500', 1),
(38, 23, 'idm001', 'Indomie Ayam Bawang', 1, '2150', '2500', 7),
(39, 23, 'idm002', 'Indomie Goreng', 1, '2150', '2500', 9),
(40, 24, 'idm001', 'Indomie Ayam Bawang', 1, '2150', '2500', 1),
(41, 25, 'idm001', 'Indomie Ayam Bawang', 1, '2150', '2500', 1),
(42, 25, 'idm002', 'Indomie Goreng', 1, '2150', '2500', 1),
(43, 26, 'idm001', 'Indomie Ayam Bawang', 1, '2150', '2500', 1),
(44, 27, 'idm001', 'Indomie Ayam Bawang', 1, '2150', '2500', 1),
(45, 28, 'idm001', 'Indomie Ayam Bawang', 1, '2150', '2500', 1),
(46, 29, 'idm001', 'Indomie Ayam Bawang', 1, '2150', '2500', 1),
(47, 29, 'idm002', 'Indomie Goreng', 1, '2150', '2500', 1),
(48, 29, 'idm003', 'Indomie Soto Banjar', 1, '2150', '2500', 1),
(49, 29, 'idm004', 'Indomie Empal Gentong', 1, '2150', '2500', 1),
(50, 29, 'idm005', 'Indomie Ayam Spesial', 1, '2150', '2500', 1),
(51, 29, 'idm006', 'Indomie Ayam Panggang', 1, '2150', '2500', 1),
(52, 29, 'idm007', 'Indomie Goreng Spesial', 1, '2150', '2500', 1),
(53, 29, 'mnm002', 'Cafela Expresso 200 ml', 1, '2650', '3200', 1),
(54, 29, 'mnm003', 'Calpico Mini Rasa Anggur Blueberry 70 ml', 1, '1125', '1500', 1),
(55, 29, 'mnm004', 'Calpico Frezz Original 350 ml', 1, '5150', '5500', 1),
(56, 29, 'mnm006', 'Club Air Mineral Galon', 1, '10500', '12500', 1),
(57, 29, 'mnm007', 'Freiss Squash Rasa Jeruk 520 ml', 1, '10000', '12000', 1),
(58, 29, 'mnm008', 'Fruitamin Rasa Stroberi 180 ml', 1, '825', '1000', 1),
(59, 29, 'mnm009', 'Milkuat Freshy Rasa Jeruk Mandarin 130 ml', 1, '220', '2500', 1),
(60, 29, 'mnm010', 'Pepsi Blue Botol 1750 ml', 1, '9800', '11000', 1),
(61, 29, 'dtg004', 'Total Violet Softener Rejuvinasi Detergen Bubuk 700 gr', 1, '11000', '12000', 1),
(62, 29, 'bhm001', 'Orchid Butter Salted Margarin 340 gr', 1, '1250', '1550', 1),
(63, 29, 'bhm002', 'Amanda Margarin Dapur 200 gr', 1, '3345', '3500', 1),
(64, 30, 'idm001', 'Indomie Ayam Bawang', 1, '2150', '2500', 1),
(65, 30, 'idm002', 'Indomie Goreng', 1, '2150', '2500', 1),
(66, 31, 'idm001', 'Indomie Ayam Bawang', 1, '2150', '2500', 1),
(67, 31, 'idm002', 'Indomie Goreng', 1, '2150', '2500', 1),
(68, 32, '8998009010910', 'ULTRA MIMI KIDS 125ML-1KTK', 1, '2100', '2500', 1),
(69, 32, '8993083938990', 'SESAME STICK-1BKS', 1, '1500', '1700', 1),
(70, 32, '8993083926270', 'CHOCOLATE STICK-1KTK', 1, '2000', '2200', 1),
(71, 32, '8993083936668', 'DIP CHOCOLATE-1PCS', 1, '2000', '2200', 1),
(72, 32, '8993083936514', 'DIP CHOCOLATE-1PCS', 1, '2000', '2200', 1),
(73, 33, '8998009010910', 'ULTRA MIMI KIDS 125ML-1KTK', 1, '2100', '2500', 1),
(74, 33, '8993083938990', 'SESAME STICK-1BKS', 1, '1500', '1700', 1),
(75, 33, '8993083926270', 'CHOCOLATE STICK-1KTK', 1, '2000', '2200', 1),
(76, 33, '8993083936668', 'DIP CHOCOLATE-1PCS', 1, '2000', '2200', 1),
(77, 33, '8993083936514', 'DIP CHOCOLATE-1PCS', 1, '2000', '2200', 1);

-- --------------------------------------------------------

--
-- Table structure for table `outlets`
--

CREATE TABLE `outlets` (
  `id` int(11) NOT NULL,
  `name` varchar(499) COLLATE utf8_unicode_ci NOT NULL,
  `address` longtext COLLATE utf8_unicode_ci NOT NULL,
  `contact_number` varchar(499) COLLATE utf8_unicode_ci NOT NULL,
  `receipt_header` longtext COLLATE utf8_unicode_ci NOT NULL,
  `receipt_footer` longtext COLLATE utf8_unicode_ci NOT NULL,
  `created_user_id` int(11) NOT NULL,
  `created_datetime` datetime NOT NULL,
  `updated_user_id` int(11) NOT NULL,
  `updated_datetime` datetime NOT NULL,
  `status` int(11) NOT NULL COMMENT '1: Active, 0: Inactive'
) ENGINE=MyISAM DEFAULT CHARSET=utf8 COLLATE=utf8_unicode_ci;

--
-- Dumping data for table `outlets`
--

INSERT INTO `outlets` (`id`, `name`, `address`, `contact_number`, `receipt_header`, `receipt_footer`, `created_user_id`, `created_datetime`, `updated_user_id`, `updated_datetime`, `status`) VALUES
(3, 'Anugerah', 'Jalan Gunung Tangkuban Perahu No 35X Padangsambian', '081238346238', '', '<p>Terimakasih sudah berbelanja</p>', 1, '2016-09-11 19:25:52', 1, '2023-12-26 21:39:32', 1),
(6, 'Toko Agus', 'Pasar Kreneng Lantai 2', '081999983716', '', '<p>Terimakasih atas kunjungan anda</p>', 1, '2018-10-21 16:28:05', 1, '2023-12-26 22:40:58', 1);

-- --------------------------------------------------------

--
-- Table structure for table `payment_method`
--

CREATE TABLE `payment_method` (
  `id` int(11) NOT NULL,
  `name` varchar(255) COLLATE utf8_unicode_ci NOT NULL,
  `created_user_id` int(11) NOT NULL,
  `created_datetime` datetime NOT NULL,
  `updated_user_id` int(11) NOT NULL,
  `updated_datetime` datetime NOT NULL,
  `status` int(1) NOT NULL
) ENGINE=MyISAM DEFAULT CHARSET=utf8 COLLATE=utf8_unicode_ci;

--
-- Dumping data for table `payment_method`
--

INSERT INTO `payment_method` (`id`, `name`, `created_user_id`, `created_datetime`, `updated_user_id`, `updated_datetime`, `status`) VALUES
(1, 'Cash', 1, '2016-09-25 01:43:41', 0, '0000-00-00 00:00:00', 1),
(3, 'VISA', 1, '2016-09-25 01:43:50', 1, '2023-12-26 21:35:11', 0),
(4, 'Master Card', 1, '2016-09-25 01:43:58', 1, '2023-12-26 21:35:05', 0),
(6, 'Debit', 1, '2016-09-25 01:44:05', 1, '2023-12-26 21:34:59', 0),
(7, 'Gift Card', 1, '2016-10-16 01:23:05', 1, '2023-12-26 21:34:53', 0);

-- --------------------------------------------------------

--
-- Table structure for table `products`
--

CREATE TABLE `products` (
  `id` int(11) NOT NULL,
  `code` varchar(499) COLLATE utf8_unicode_ci NOT NULL,
  `name` varchar(32) COLLATE utf8_unicode_ci NOT NULL,
  `category` int(11) NOT NULL,
  `purchase_price` double(11,2) NOT NULL,
  `retail_price` double(11,2) NOT NULL,
  `thumbnail` varchar(499) COLLATE utf8_unicode_ci NOT NULL,
  `created_user_id` int(11) NOT NULL,
  `created_datetime` datetime NOT NULL,
  `updated_user_id` int(11) NOT NULL,
  `updated_datetime` datetime NOT NULL,
  `status` int(11) NOT NULL
) ENGINE=MyISAM DEFAULT CHARSET=utf8 COLLATE=utf8_unicode_ci;

--
-- Dumping data for table `products`
--

INSERT INTO `products` (`id`, `code`, `name`, `category`, `purchase_price`, `retail_price`, `thumbnail`, `created_user_id`, `created_datetime`, `updated_user_id`, `updated_datetime`, `status`) VALUES
(11, 'idm001', 'Indomie Ayam Bawang', 1, 2150.00, 2500.00, 'idm001.jpg', 1, '2018-10-18 22:39:07', 1, '2023-12-28 23:36:09', 1),
(12, 'idm002', 'Indomie Goreng', 1, 2150.00, 2500.00, 'idm002.jpg', 1, '2018-10-18 22:39:33', 1, '2023-12-28 23:36:02', 1),
(13, 'idm003', 'Indomie Soto Banjar', 1, 2150.00, 2500.00, 'idm003.jpg', 1, '2018-10-18 22:40:05', 1, '2023-12-28 23:35:55', 1),
(14, 'idm004', 'Indomie Empal Gentong', 1, 2150.00, 2500.00, 'idm004.jpg', 1, '2018-10-18 22:40:31', 1, '2023-12-28 23:35:47', 1),
(15, 'idm005', 'Indomie Ayam Spesial', 1, 2150.00, 2500.00, 'idm005.jpg', 1, '2018-10-18 22:40:53', 1, '2023-12-28 23:35:40', 1),
(16, 'idm006', 'Indomie Ayam Panggang', 1, 2150.00, 2500.00, 'idm006.jpg', 1, '2018-10-18 22:41:26', 1, '2023-12-28 23:35:30', 1),
(17, 'idm007', 'Indomie Goreng Spesial', 1, 2150.00, 2500.00, 'idm007.jpg', 1, '2018-10-18 22:41:54', 1, '2023-12-28 23:35:20', 1),
(18, 'mkn001', 'Pop Mie Mini Soto Regular', 1, 2250.00, 2500.00, 'mkn001.jpg', 1, '2018-10-18 22:47:22', 1, '2023-12-28 23:35:12', 1),
(19, 'mkn002', 'Buburia Ayam Kampung Cup 70 gr', 1, 4100.00, 4500.00, 'mkn002.jpg', 1, '2018-10-18 22:47:53', 1, '2023-12-28 23:35:05', 1),
(20, 'mkn003', 'Cheetos Net Rasa BBQ 10 gr', 1, 850.00, 1000.00, 'mkn003.jpg', 1, '2018-10-18 22:48:57', 1, '2023-12-28 23:34:57', 1),
(21, 'mkn004', 'Cheetos Net Rasa Rumput Laut 30 ', 1, 1550.00, 2000.00, 'mkn004.jpg', 1, '2018-10-18 22:49:42', 1, '2023-12-28 23:34:49', 1),
(22, 'mkn005', 'Chiki Ball Rasa Ayam Renceng 10 ', 1, 800.00, 1000.00, 'mkn005.jpg', 1, '2018-10-18 22:50:17', 1, '2023-12-28 23:33:44', 1),
(23, 'mkn006', 'Chitato Foodie Rasa Sapi Panggan', 1, 6000.00, 6500.00, 'mkn006.jpg', 1, '2018-10-18 22:50:41', 1, '2023-12-28 23:33:27', 1),
(24, 'mkn007', 'Chitato Kepiting Goreng Telur As', 1, 6000.00, 6500.00, 'mkn007.jpg', 1, '2018-10-18 22:51:22', 1, '2023-12-28 23:33:20', 1),
(25, 'mk008', 'Chitato Ketan Mangga 55 gr', 1, 6000.00, 6500.00, 'mk008.jpg', 1, '2018-10-18 22:51:49', 1, '2023-12-28 23:33:13', 1),
(26, 'mnm001', 'Indomilk Susu Bubuk Cokelat 800 ', 1, 61250.00, 65000.00, 'mnm001.jpg', 1, '2018-10-18 22:54:10', 1, '2023-12-28 23:33:06', 1),
(27, 'mnm002', 'Cafela Expresso 200 ml', 1, 2650.00, 3200.00, 'mnm002.jpg', 1, '2018-10-18 22:54:44', 1, '2023-12-28 23:33:00', 1),
(28, 'mnm003', 'Calpico Mini Rasa Anggur Blueber', 1, 1125.00, 1500.00, 'mnm003.jpg', 1, '2018-10-18 22:55:23', 1, '2023-12-28 23:32:53', 1),
(29, 'mnm004', 'Calpico Frezz Original 350 ml', 1, 5150.00, 5500.00, 'mnm004.jpg', 1, '2018-10-18 22:56:02', 1, '2023-12-28 23:32:46', 1),
(30, 'mnm005', 'Cap Enaak Krimer Kental Manis Co', 1, 800.00, 1000.00, 'mnm005.jpg', 1, '2018-10-18 22:56:24', 1, '2023-12-28 23:32:40', 1),
(31, 'mnm006', 'Club Air Mineral Galon', 1, 10500.00, 12500.00, 'mnm006.jpg', 1, '2018-10-18 22:56:52', 1, '2023-12-28 23:32:33', 1),
(32, 'mnm007', 'Freiss Squash Rasa Jeruk 520 ml', 1, 10000.00, 12000.00, 'mnm007.jpg', 1, '2018-10-18 22:57:30', 1, '2023-12-28 23:32:27', 1),
(33, 'mnm008', 'Fruitamin Rasa Stroberi 180 ml', 1, 825.00, 1000.00, 'mnm008.jpg', 1, '2018-10-18 22:57:59', 1, '2023-12-28 23:32:21', 1),
(34, 'mnm009', 'Milkuat Freshy Rasa Jeruk Mandar', 1, 220.00, 2500.00, 'mnm009.jpg', 1, '2018-10-18 22:58:20', 1, '2023-12-31 16:44:47', 1),
(35, 'mnm010', 'Pepsi Blue Botol 1750 ml', 1, 9800.00, 11000.00, 'mnm010.jpg', 1, '2018-10-18 22:58:39', 1, '2023-12-28 23:32:03', 1),
(36, 'dtg001', 'Bukrim Gel Jeruk Nipis 750 gr', 1, 9400.00, 10000.00, 'dtg001.jpg', 1, '2018-10-18 23:03:01', 0, '0000-00-00 00:00:00', 1),
(37, 'dtg002', 'Bukrim Superklin Detergen Bubuk ', 1, 8500.00, 9000.00, 'dtg002.jpg', 1, '2018-10-18 23:03:36', 0, '0000-00-00 00:00:00', 1),
(38, 'dtg003', 'Total Lemon Softener Rejuvinasi ', 1, 12500.00, 13500.00, 'dtg003.jpg', 1, '2018-10-18 23:03:59', 0, '0000-00-00 00:00:00', 1),
(39, 'dtg004', 'Total Violet Softener Rejuvinasi', 1, 11000.00, 12000.00, 'dtg004.jpg', 1, '2018-10-18 23:04:24', 0, '0000-00-00 00:00:00', 1),
(40, 'bhm001', 'Orchid Butter Salted Margarin 34', 1, 1250.00, 1550.00, 'bhm001.jpg', 1, '2018-10-18 23:12:56', 1, '2023-12-28 23:31:53', 1),
(41, 'bhm002', 'Amanda Margarin Dapur 200 gr', 1, 3345.00, 3500.00, 'bhm002.jpg', 1, '2018-10-18 23:13:37', 1, '2023-12-28 23:31:46', 1),
(42, 'bhm003', 'Bimoli Minyak Goreng 1 Liter Pou', 1, 13500.00, 15500.00, 'bhm003.jpg', 1, '2018-10-18 23:17:14', 1, '2023-12-28 23:31:31', 1),
(43, '8998009010910', 'ULTRA MIMI KIDS 125ML-1KTK', 1, 1000.00, 2500.00, 'no_image.jpg', 1, '2023-12-31 12:57:27', 1, '2023-12-31 13:31:38', 1),
(44, '089686723069', 'CHIKI TWIST-1RTG', 1, 16500.00, 17000.00, 'no_image.jpg', 1, '2023-12-31 13:11:32', 0, '0000-00-00 00:00:00', 1),
(45, '8993083938990', 'SESAME STICK-1BKS', 1, 1500.00, 1700.00, 'no_image.jpg', 1, '2023-12-31 14:14:33', 0, '0000-00-00 00:00:00', 1),
(46, '8993083926270', 'CHOCOLATE STICK-1KTK', 1, 2000.00, 2200.00, 'no_image.jpg', 1, '2023-12-31 14:15:03', 0, '0000-00-00 00:00:00', 1),
(47, '8993083936514', 'DIP CHOCOLATE-1PCS', 1, 2000.00, 2200.00, 'no_image.jpg', 1, '2023-12-31 14:15:41', 0, '0000-00-00 00:00:00', 1),
(48, '8993083936668', 'DIP CHOCOLATE-1PCS', 1, 2000.00, 2200.00, 'no_image.jpg', 1, '2023-12-31 14:16:00', 0, '0000-00-00 00:00:00', 1);

-- --------------------------------------------------------

--
-- Table structure for table `purchase_order`
--

CREATE TABLE `purchase_order` (
  `id` int(11) NOT NULL,
  `po_number` varchar(499) COLLATE utf8_unicode_ci NOT NULL,
  `discount_amount` decimal(11,0) NOT NULL,
  `discount_percentage` varchar(30) COLLATE utf8_unicode_ci NOT NULL,
  `subTotal` decimal(11,0) NOT NULL,
  `tax` decimal(11,0) NOT NULL,
  `grandTotal` decimal(11,0) NOT NULL,
  `supplier_id` int(11) NOT NULL,
  `supplier_tax` decimal(11,0) NOT NULL,
  `supplier_name` varchar(499) COLLATE utf8_unicode_ci NOT NULL,
  `supplier_email` varchar(499) COLLATE utf8_unicode_ci NOT NULL,
  `supplier_address` longtext COLLATE utf8_unicode_ci NOT NULL,
  `supplier_tel` varchar(255) COLLATE utf8_unicode_ci NOT NULL,
  `supplier_fax` varchar(255) COLLATE utf8_unicode_ci NOT NULL,
  `outlet_id` int(11) NOT NULL,
  `outlet_name` varchar(499) COLLATE utf8_unicode_ci NOT NULL,
  `outlet_address` longtext COLLATE utf8_unicode_ci NOT NULL,
  `outlet_contact` varchar(499) COLLATE utf8_unicode_ci NOT NULL,
  `po_date` date NOT NULL,
  `attachment_file` varchar(499) COLLATE utf8_unicode_ci NOT NULL,
  `note` longtext COLLATE utf8_unicode_ci NOT NULL,
  `created_user_id` int(11) NOT NULL,
  `created_datetime` datetime NOT NULL,
  `updated_user_id` int(11) NOT NULL,
  `updated_datetime` datetime NOT NULL,
  `received_user_id` int(11) NOT NULL,
  `received_datetime` datetime NOT NULL,
  `status` int(11) NOT NULL
) ENGINE=MyISAM DEFAULT CHARSET=utf8 COLLATE=utf8_unicode_ci;

--
-- Dumping data for table `purchase_order`
--

INSERT INTO `purchase_order` (`id`, `po_number`, `discount_amount`, `discount_percentage`, `subTotal`, `tax`, `grandTotal`, `supplier_id`, `supplier_tax`, `supplier_name`, `supplier_email`, `supplier_address`, `supplier_tel`, `supplier_fax`, `outlet_id`, `outlet_name`, `outlet_address`, `outlet_contact`, `po_date`, `attachment_file`, `note`, `created_user_id`, `created_datetime`, `updated_user_id`, `updated_datetime`, `received_user_id`, `received_datetime`, `status`) VALUES
(1, '123', '0', '', '430000', '0', '430000', 4, '0', 'Suplier Indomie', '', 'Sukabumi', '080000000000', '', 3, 'Suka Mart', 'Sukabumi Mall Lt.3', '089529303412', '2018-10-19', '', '', 1, '2018-10-19 00:36:48', 1, '2018-10-19 00:37:11', 1, '2018-10-19 00:41:26', 3),
(2, '2', '0', '', '4027000', '0', '4027000', 5, '0', 'PT Minuman', '', 'Sukabumi', '080000000123', '', 3, 'Suka Mart', 'Sukabumi Mall Lt.3', '089529303412', '2018-10-19', '', '', 1, '2018-10-19 01:24:56', 1, '2018-10-19 01:25:07', 1, '2018-10-19 01:27:00', 3),
(3, '12123123', '0', '', '0', '0', '0', 5, '0', 'Umum', '', '-', '-', '', 3, 'Anugerah', 'Jalan Gunung Tangkuban Perahu No 35X Padangsambian', '081238346238', '2023-12-31', '', 'sdfsdfsd', 1, '2023-12-31 16:48:35', 1, '2023-12-31 17:18:02', 0, '0000-00-00 00:00:00', 2),
(4, '121212121', '0', '', '1000000', '0', '1000000', 5, '0', 'Umum', '', '-', '-', '', 3, 'Anugerah', 'Jalan Gunung Tangkuban Perahu No 35X Padangsambian', '081238346238', '2023-12-31', '', 'sdfsdfsdf', 1, '2023-12-31 16:51:05', 1, '2023-12-31 17:10:17', 1, '2023-12-31 17:17:14', 3),
(5, 'sumber pangan', '0', '', '1750000', '0', '1750000', 5, '0', 'Umum', '', '-', '-', '', 3, 'Anugerah', 'Jalan Gunung Tangkuban Perahu No 35X Padangsambian', '081238346238', '2023-12-31', '', 'beli gula', 1, '2023-12-31 17:24:33', 1, '2023-12-31 17:25:07', 1, '2023-12-31 17:26:36', 3);

-- --------------------------------------------------------

--
-- Table structure for table `purchase_order_items`
--

CREATE TABLE `purchase_order_items` (
  `id` int(11) NOT NULL,
  `po_id` int(11) NOT NULL,
  `product_code` varchar(499) COLLATE utf8_unicode_ci NOT NULL,
  `ordered_qty` int(11) NOT NULL,
  `received_qty` int(11) NOT NULL,
  `cost` decimal(11,0) NOT NULL
) ENGINE=MyISAM DEFAULT CHARSET=utf8 COLLATE=utf8_unicode_ci;

--
-- Dumping data for table `purchase_order_items`
--

INSERT INTO `purchase_order_items` (`id`, `po_id`, `product_code`, `ordered_qty`, `received_qty`, `cost`) VALUES
(1, 1, 'idm006', 100, 100, '2150'),
(2, 1, 'idm007', 100, 100, '2150'),
(3, 2, 'mnm010', 100, 100, '9800'),
(4, 2, 'mnm009', 100, 100, '220'),
(5, 2, 'mnm008', 100, 100, '825'),
(6, 2, 'mnm007', 100, 100, '10000'),
(7, 2, 'mnm006', 100, 100, '10500'),
(8, 2, 'mnm004', 100, 100, '5150'),
(9, 2, 'mnm003', 100, 100, '1125'),
(10, 2, 'mnm002', 100, 100, '2650'),
(11, 3, '8993083936668', 100, 0, '0'),
(12, 4, '8998009010910', 200, 200, '5000'),
(13, 3, '8993083926270', 100, 0, '0'),
(14, 3, '089686723069', 100, 0, '0'),
(15, 3, '8998009010910', 100, 0, '0'),
(16, 3, '8993083936668', 100, 0, '0'),
(17, 5, '089686723069', 150, 100, '16500'),
(18, 5, '8998009010910', 150, 100, '1000');

-- --------------------------------------------------------

--
-- Table structure for table `purchase_order_status`
--

CREATE TABLE `purchase_order_status` (
  `id` int(11) NOT NULL,
  `name` varchar(255) COLLATE utf8_unicode_ci NOT NULL,
  `created_user_id` int(11) NOT NULL,
  `created_datetime` datetime NOT NULL,
  `updated_user_id` int(11) NOT NULL,
  `updated_datetime` datetime NOT NULL,
  `status` int(11) NOT NULL
) ENGINE=MyISAM DEFAULT CHARSET=utf8 COLLATE=utf8_unicode_ci;

--
-- Dumping data for table `purchase_order_status`
--

INSERT INTO `purchase_order_status` (`id`, `name`, `created_user_id`, `created_datetime`, `updated_user_id`, `updated_datetime`, `status`) VALUES
(1, 'Created', 1, '2016-09-10 00:00:00', 0, '0000-00-00 00:00:00', 1),
(2, 'Sent To Supplier', 1, '2016-09-10 00:00:00', 0, '0000-00-00 00:00:00', 1),
(3, 'Received From Supplier', 1, '2016-09-10 00:00:00', 0, '0000-00-00 00:00:00', 1);

-- --------------------------------------------------------

--
-- Table structure for table `return_items`
--

CREATE TABLE `return_items` (
  `id` int(11) NOT NULL,
  `order_id` int(11) NOT NULL,
  `product_code` varchar(499) COLLATE utf8_unicode_ci NOT NULL,
  `price` decimal(11,0) NOT NULL,
  `qty` int(11) NOT NULL,
  `item_condition` int(11) NOT NULL COMMENT '1: Good, 2: Not Good'
) ENGINE=MyISAM DEFAULT CHARSET=utf8 COLLATE=utf8_unicode_ci;

--
-- Dumping data for table `return_items`
--

INSERT INTO `return_items` (`id`, `order_id`, `product_code`, `price`, `qty`, `item_condition`) VALUES
(1, 3, 'idm001', '2500', 1, 1);

-- --------------------------------------------------------

--
-- Table structure for table `site_setting`
--

CREATE TABLE `site_setting` (
  `id` int(11) NOT NULL,
  `site_name` varchar(499) COLLATE utf8_unicode_ci NOT NULL,
  `site_logo` varchar(255) COLLATE utf8_unicode_ci NOT NULL,
  `timezone` varchar(499) COLLATE utf8_unicode_ci NOT NULL,
  `pagination` int(11) NOT NULL,
  `tax` decimal(11,0) NOT NULL,
  `currency` char(3) COLLATE utf8_unicode_ci NOT NULL,
  `datetime_format` varchar(30) COLLATE utf8_unicode_ci NOT NULL,
  `display_product` int(11) NOT NULL,
  `display_keyboard` int(11) NOT NULL,
  `default_customer_id` int(11) NOT NULL,
  `updated_user_id` int(11) NOT NULL,
  `updated_datetime` datetime NOT NULL
) ENGINE=MyISAM DEFAULT CHARSET=utf8 COLLATE=utf8_unicode_ci;

--
-- Dumping data for table `site_setting`
--

INSERT INTO `site_setting` (`id`, `site_name`, `site_logo`, `timezone`, `pagination`, `tax`, `currency`, `datetime_format`, `display_product`, `display_keyboard`, `default_customer_id`, `updated_user_id`, `updated_datetime`) VALUES
(1, 'Anugerah', 'logo.jpg', 'Asia/Makassar', 100, '0', 'IDR', 'd-m-Y', 1, 0, 1, 1, '2023-12-29 15:51:44');

-- --------------------------------------------------------

--
-- Table structure for table `suppliers`
--

CREATE TABLE `suppliers` (
  `id` int(11) NOT NULL,
  `name` varchar(4999) COLLATE utf8_unicode_ci NOT NULL,
  `tax` decimal(11,0) NOT NULL,
  `email` varchar(255) COLLATE utf8_unicode_ci NOT NULL,
  `address` longtext COLLATE utf8_unicode_ci NOT NULL,
  `tel` varchar(255) COLLATE utf8_unicode_ci NOT NULL,
  `fax` varchar(255) COLLATE utf8_unicode_ci NOT NULL,
  `created_user_id` int(11) NOT NULL,
  `created_datetime` datetime NOT NULL,
  `updated_user_id` int(11) NOT NULL,
  `updated_datetime` datetime NOT NULL,
  `status` int(1) NOT NULL
) ENGINE=MyISAM DEFAULT CHARSET=utf8 COLLATE=utf8_unicode_ci;

--
-- Dumping data for table `suppliers`
--

INSERT INTO `suppliers` (`id`, `name`, `tax`, `email`, `address`, `tel`, `fax`, `created_user_id`, `created_datetime`, `updated_user_id`, `updated_datetime`, `status`) VALUES
(4, 'Suplier Indomie', '0', '', 'Sukabumi', '080000000000', '', 1, '2018-10-18 22:20:45', 1, '2023-12-26 21:36:45', 0),
(5, 'Umum', '0', '', '-', '-', '', 1, '2018-10-18 22:21:17', 1, '2023-12-26 21:37:25', 1),
(3, 'PT Sayur Sukabumi', '0', '', 'Sukabumi', '080000000000', '', 1, '2016-11-19 17:42:18', 1, '2023-12-26 21:37:00', 0);

-- --------------------------------------------------------

--
-- Table structure for table `suspend`
--

CREATE TABLE `suspend` (
  `id` int(11) NOT NULL,
  `customer_id` int(11) NOT NULL,
  `fullname` varchar(499) COLLATE utf8_unicode_ci NOT NULL,
  `email` varchar(499) COLLATE utf8_unicode_ci NOT NULL,
  `mobile` varchar(255) COLLATE utf8_unicode_ci NOT NULL,
  `ref_number` varchar(499) COLLATE utf8_unicode_ci NOT NULL,
  `outlet_id` int(11) NOT NULL,
  `subtotal` decimal(11,0) NOT NULL,
  `discount_total` decimal(11,0) NOT NULL,
  `tax` decimal(11,0) NOT NULL,
  `grandtotal` decimal(11,0) NOT NULL,
  `total_items` int(11) NOT NULL,
  `created_user_id` int(11) NOT NULL,
  `created_datetime` datetime NOT NULL,
  `updated_user_id` int(11) NOT NULL,
  `updated_datetime` datetime NOT NULL,
  `status` int(11) NOT NULL
) ENGINE=MyISAM DEFAULT CHARSET=utf8 COLLATE=utf8_unicode_ci;

--
-- Dumping data for table `suspend`
--

INSERT INTO `suspend` (`id`, `customer_id`, `fullname`, `email`, `mobile`, `ref_number`, `outlet_id`, `subtotal`, `discount_total`, `tax`, `grandtotal`, `total_items`, `created_user_id`, `created_datetime`, `updated_user_id`, `updated_datetime`, `status`) VALUES
(1, 1, 'Walk In Customer', '', '', '18102336', 3, '150000', '0', '7500', '157500', 60, 1, '2018-10-18 23:37:02', 1, '2018-10-18 23:43:02', 1),
(2, 1, 'Umum', '', '', '1234', 3, '2500', '0', '0', '2500', 1, 1, '2023-12-29 23:48:01', 1, '2023-12-29 23:53:40', 1),
(3, 1, 'Umum', '', '', 'asdasd', 3, '0', '0', '0', '0', 0, 1, '2023-12-30 00:06:28', 1, '2023-12-30 00:06:37', 1),
(4, 1, 'Umum', '', '', '111', 3, '5000', '0', '0', '5000', 2, 1, '2023-12-30 00:29:51', 1, '2023-12-30 00:30:12', 1),
(5, 1, 'Umum', '', '', '12121', 3, '12500', '0', '0', '12500', 5, 1, '2023-12-31 03:34:42', 0, '0000-00-00 00:00:00', 0),
(6, 1, 'Umum', '', '', 'aaaa', 3, '5000', '0', '0', '5000', 2, 1, '2023-12-31 03:35:47', 1, '2023-12-31 03:57:21', 1),
(7, 1, 'Umum', '', '', '123123', 3, '5000', '0', '0', '5000', 2, 1, '2023-12-31 03:57:00', 1, '2023-12-31 04:01:52', 1);

-- --------------------------------------------------------

--
-- Table structure for table `suspend_items`
--

CREATE TABLE `suspend_items` (
  `id` int(11) NOT NULL,
  `suspend_id` int(11) NOT NULL,
  `product_code` varchar(499) COLLATE utf8_unicode_ci NOT NULL,
  `product_name` varchar(499) COLLATE utf8_unicode_ci NOT NULL,
  `product_category` int(11) NOT NULL,
  `product_cost` decimal(11,0) NOT NULL,
  `qty` int(11) NOT NULL,
  `product_price` varchar(499) COLLATE utf8_unicode_ci NOT NULL
) ENGINE=MyISAM DEFAULT CHARSET=utf8 COLLATE=utf8_unicode_ci;

--
-- Dumping data for table `suspend_items`
--

INSERT INTO `suspend_items` (`id`, `suspend_id`, `product_code`, `product_name`, `product_category`, `product_cost`, `qty`, `product_price`) VALUES
(1, 1, 'idm002', 'Indomie Goreng', 6, '2150', 20, '2500.00'),
(2, 1, 'idm001', 'Indomie Ayam Bawang', 6, '2150', 20, '2500.00'),
(3, 1, 'idm004', 'Indomie Empal Gentong', 6, '2150', 20, '2500.00'),
(4, 2, 'idm001', 'Indomie Ayam Bawang', 1, '2150', 1, '2500.00'),
(5, 4, 'idm001', 'Indomie Ayam Bawang', 1, '2150', 1, '2500.00'),
(6, 4, 'idm002', 'Indomie Goreng', 1, '2150', 1, '2500.00'),
(7, 5, 'idm001', 'Indomie Ayam Bawang', 1, '2150', 1, '2500'),
(8, 5, 'idm002', 'Indomie Goreng', 1, '2150', 1, '2500'),
(9, 5, 'idm003', 'Indomie Soto Banjar', 1, '2150', 2, '2500'),
(10, 5, 'idm004', 'Indomie Empal Gentong', 1, '2150', 1, '2500'),
(11, 6, 'idm001', 'Indomie Ayam Bawang', 1, '2150', 1, '2500'),
(12, 6, 'idm002', 'Indomie Goreng', 1, '2150', 1, '2500'),
(13, 7, 'idm001', 'Indomie Ayam Bawang', 1, '2150', 1, '2500'),
(14, 7, 'idm002', 'Indomie Goreng', 1, '2150', 1, '2500');

-- --------------------------------------------------------

--
-- Table structure for table `timezones`
--

CREATE TABLE `timezones` (
  `id` int(11) NOT NULL,
  `code` varchar(30) COLLATE utf8_unicode_ci NOT NULL,
  `timezone` varchar(499) COLLATE utf8_unicode_ci NOT NULL
) ENGINE=MyISAM DEFAULT CHARSET=utf8 COLLATE=utf8_unicode_ci;

--
-- Dumping data for table `timezones`
--

INSERT INTO `timezones` (`id`, `code`, `timezone`) VALUES
(1, 'AD', 'Europe/Andorra'),
(2, 'AE', 'Asia/Dubai'),
(3, 'AF', 'Asia/Kabul'),
(4, 'AG', 'America/Antigua'),
(5, 'AI', 'America/Anguilla'),
(6, 'AL', 'Europe/Tirane'),
(7, 'AM', 'Asia/Yerevan'),
(8, 'AO', 'Africa/Luanda'),
(9, 'AQ', 'Antarctica/McMurdo'),
(10, 'AQ', 'Antarctica/Casey'),
(11, 'AQ', 'Antarctica/Davis'),
(12, 'AQ', 'Antarctica/DumontDUrville'),
(13, 'AQ', 'Antarctica/Mawson'),
(14, 'AQ', 'Antarctica/Palmer'),
(15, 'AQ', 'Antarctica/Rothera'),
(16, 'AQ', 'Antarctica/Syowa'),
(17, 'AQ', 'Antarctica/Troll'),
(18, 'AQ', 'Antarctica/Vostok'),
(19, 'AR', 'America/Argentina/Buenos_Aires'),
(20, 'AR', 'America/Argentina/Cordoba'),
(21, 'AR', 'America/Argentina/Salta'),
(22, 'AR', 'America/Argentina/Jujuy'),
(23, 'AR', 'America/Argentina/Tucuman'),
(24, 'AR', 'America/Argentina/Catamarca'),
(25, 'AR', 'America/Argentina/La_Rioja'),
(26, 'AR', 'America/Argentina/San_Juan'),
(27, 'AR', 'America/Argentina/Mendoza'),
(28, 'AR', 'America/Argentina/San_Luis'),
(29, 'AR', 'America/Argentina/Rio_Gallegos'),
(30, 'AR', 'America/Argentina/Ushuaia'),
(31, 'AS', 'Pacific/Pago_Pago'),
(32, 'AT', 'Europe/Vienna'),
(33, 'AU', 'Australia/Lord_Howe'),
(34, 'AU', 'Antarctica/Macquarie'),
(35, 'AU', 'Australia/Hobart'),
(36, 'AU', 'Australia/Currie'),
(37, 'AU', 'Australia/Melbourne'),
(38, 'AU', 'Australia/Sydney'),
(39, 'AU', 'Australia/Broken_Hill'),
(40, 'AU', 'Australia/Brisbane'),
(41, 'AU', 'Australia/Lindeman'),
(42, 'AU', 'Australia/Adelaide'),
(43, 'AU', 'Australia/Darwin'),
(44, 'AU', 'Australia/Perth'),
(45, 'AU', 'Australia/Eucla'),
(46, 'AW', 'America/Aruba'),
(47, 'AX', 'Europe/Mariehamn'),
(48, 'AZ', 'Asia/Baku'),
(49, 'BA', 'Europe/Sarajevo'),
(50, 'BB', 'America/Barbados'),
(51, 'BD', 'Asia/Dhaka'),
(52, 'BE', 'Europe/Brussels'),
(53, 'BF', 'Africa/Ouagadougou'),
(54, 'BG', 'Europe/Sofia'),
(55, 'BH', 'Asia/Bahrain'),
(56, 'BI', 'Africa/Bujumbura'),
(57, 'BJ', 'Africa/Porto-Novo'),
(58, 'BL', 'America/St_Barthelemy'),
(59, 'BM', 'Atlantic/Bermuda'),
(60, 'BN', 'Asia/Brunei'),
(61, 'BO', 'America/La_Paz'),
(62, 'BQ', 'America/Kralendijk'),
(63, 'BR', 'America/Noronha'),
(64, 'BR', 'America/Belem'),
(65, 'BR', 'America/Fortaleza'),
(66, 'BR', 'America/Recife'),
(67, 'BR', 'America/Araguaina'),
(68, 'BR', 'America/Maceio'),
(69, 'BR', 'America/Bahia'),
(70, 'BR', 'America/Sao_Paulo'),
(71, 'BR', 'America/Campo_Grande'),
(72, 'BR', 'America/Cuiaba'),
(73, 'BR', 'America/Santarem'),
(74, 'BR', 'America/Porto_Velho'),
(75, 'BR', 'America/Boa_Vista'),
(76, 'BR', 'America/Manaus'),
(77, 'BR', 'America/Eirunepe'),
(78, 'BR', 'America/Rio_Branco'),
(79, 'BS', 'America/Nassau'),
(80, 'BT', 'Asia/Thimphu'),
(81, 'BW', 'Africa/Gaborone'),
(82, 'BY', 'Europe/Minsk'),
(83, 'BZ', 'America/Belize'),
(84, 'CA', 'America/St_Johns'),
(85, 'CA', 'America/Halifax'),
(86, 'CA', 'America/Glace_Bay'),
(87, 'CA', 'America/Moncton'),
(88, 'CA', 'America/Goose_Bay'),
(89, 'CA', 'America/Blanc-Sablon'),
(90, 'CA', 'America/Toronto'),
(91, 'CA', 'America/Nipigon'),
(92, 'CA', 'America/Thunder_Bay'),
(93, 'CA', 'America/Iqaluit'),
(94, 'CA', 'America/Pangnirtung'),
(95, 'CA', 'America/Atikokan'),
(96, 'CA', 'America/Winnipeg'),
(97, 'CA', 'America/Rainy_River'),
(98, 'CA', 'America/Resolute'),
(99, 'CA', 'America/Rankin_Inlet'),
(100, 'CA', 'America/Regina'),
(101, 'CA', 'America/Swift_Current'),
(102, 'CA', 'America/Edmonton'),
(103, 'CA', 'America/Cambridge_Bay'),
(104, 'CA', 'America/Yellowknife'),
(105, 'CA', 'America/Inuvik'),
(106, 'CA', 'America/Creston'),
(107, 'CA', 'America/Dawson_Creek'),
(108, 'CA', 'America/Fort_Nelson'),
(109, 'CA', 'America/Vancouver'),
(110, 'CA', 'America/Whitehorse'),
(111, 'CA', 'America/Dawson'),
(112, 'CC', 'Indian/Cocos'),
(113, 'CD', 'Africa/Kinshasa'),
(114, 'CD', 'Africa/Lubumbashi'),
(115, 'CF', 'Africa/Bangui'),
(116, 'CG', 'Africa/Brazzaville'),
(117, 'CH', 'Europe/Zurich'),
(118, 'CI', 'Africa/Abidjan'),
(119, 'CK', 'Pacific/Rarotonga'),
(120, 'CL', 'America/Santiago'),
(121, 'CL', 'Pacific/Easter'),
(122, 'CM', 'Africa/Douala'),
(123, 'CN', 'Asia/Shanghai'),
(124, 'CN', 'Asia/Urumqi'),
(125, 'CO', 'America/Bogota'),
(126, 'CR', 'America/Costa_Rica'),
(127, 'CU', 'America/Havana'),
(128, 'CV', 'Atlantic/Cape_Verde'),
(129, 'CW', 'America/Curacao'),
(130, 'CX', 'Indian/Christmas'),
(131, 'CY', 'Asia/Nicosia'),
(132, 'CZ', 'Europe/Prague'),
(133, 'DE', 'Europe/Berlin'),
(134, 'DE', 'Europe/Busingen'),
(135, 'DJ', 'Africa/Djibouti'),
(136, 'DK', 'Europe/Copenhagen'),
(137, 'DM', 'America/Dominica'),
(138, 'DO', 'America/Santo_Domingo'),
(139, 'DZ', 'Africa/Algiers'),
(140, 'EC', 'America/Guayaquil'),
(141, 'EC', 'Pacific/Galapagos'),
(142, 'EE', 'Europe/Tallinn'),
(143, 'EG', 'Africa/Cairo'),
(144, 'EH', 'Africa/El_Aaiun'),
(145, 'ER', 'Africa/Asmara'),
(146, 'ES', 'Europe/Madrid'),
(147, 'ES', 'Africa/Ceuta'),
(148, 'ES', 'Atlantic/Canary'),
(149, 'ET', 'Africa/Addis_Ababa'),
(150, 'FI', 'Europe/Helsinki'),
(151, 'FJ', 'Pacific/Fiji'),
(152, 'FK', 'Atlantic/Stanley'),
(153, 'FM', 'Pacific/Chuuk'),
(154, 'FM', 'Pacific/Pohnpei'),
(155, 'FM', 'Pacific/Kosrae'),
(156, 'FO', 'Atlantic/Faroe'),
(157, 'FR', 'Europe/Paris'),
(158, 'GA', 'Africa/Libreville'),
(159, 'GB', 'Europe/London'),
(160, 'GD', 'America/Grenada'),
(161, 'GE', 'Asia/Tbilisi'),
(162, 'GF', 'America/Cayenne'),
(163, 'GG', 'Europe/Guernsey'),
(164, 'GH', 'Africa/Accra'),
(165, 'GI', 'Europe/Gibraltar'),
(166, 'GL', 'America/Godthab'),
(167, 'GL', 'America/Danmarkshavn'),
(168, 'GL', 'America/Scoresbysund'),
(169, 'GL', 'America/Thule'),
(170, 'GM', 'Africa/Banjul'),
(171, 'GN', 'Africa/Conakry'),
(172, 'GP', 'America/Guadeloupe'),
(173, 'GQ', 'Africa/Malabo'),
(174, 'GR', 'Europe/Athens'),
(175, 'GS', 'Atlantic/South_Georgia'),
(176, 'GT', 'America/Guatemala'),
(177, 'GU', 'Pacific/Guam'),
(178, 'GW', 'Africa/Bissau'),
(179, 'GY', 'America/Guyana'),
(180, 'HK', 'Asia/Hong_Kong'),
(181, 'HN', 'America/Tegucigalpa'),
(182, 'HR', 'Europe/Zagreb'),
(183, 'HT', 'America/Port-au-Prince'),
(184, 'HU', 'Europe/Budapest'),
(185, 'ID', 'Asia/Jakarta'),
(186, 'ID', 'Asia/Pontianak'),
(187, 'ID', 'Asia/Makassar'),
(188, 'ID', 'Asia/Jayapura'),
(189, 'IE', 'Europe/Dublin'),
(190, 'IL', 'Asia/Jerusalem'),
(191, 'IM', 'Europe/Isle_of_Man'),
(192, 'IN', 'Asia/Kolkata'),
(193, 'IO', 'Indian/Chagos'),
(194, 'IQ', 'Asia/Baghdad'),
(195, 'IR', 'Asia/Tehran'),
(196, 'IS', 'Atlantic/Reykjavik'),
(197, 'IT', 'Europe/Rome'),
(198, 'JE', 'Europe/Jersey'),
(199, 'JM', 'America/Jamaica'),
(200, 'JO', 'Asia/Amman'),
(201, 'JP', 'Asia/Tokyo'),
(202, 'KE', 'Africa/Nairobi'),
(203, 'KG', 'Asia/Bishkek'),
(204, 'KH', 'Asia/Phnom_Penh'),
(205, 'KI', 'Pacific/Tarawa'),
(206, 'KI', 'Pacific/Enderbury'),
(207, 'KI', 'Pacific/Kiritimati'),
(208, 'KM', 'Indian/Comoro'),
(209, 'KN', 'America/St_Kitts'),
(210, 'KP', 'Asia/Pyongyang'),
(211, 'KR', 'Asia/Seoul'),
(212, 'KW', 'Asia/Kuwait'),
(213, 'KY', 'America/Cayman'),
(214, 'KZ', 'Asia/Almaty'),
(215, 'KZ', 'Asia/Qyzylorda'),
(216, 'KZ', 'Asia/Aqtobe'),
(217, 'KZ', 'Asia/Aqtau'),
(218, 'KZ', 'Asia/Oral'),
(219, 'LA', 'Asia/Vientiane'),
(220, 'LB', 'Asia/Beirut'),
(221, 'LC', 'America/St_Lucia'),
(222, 'LI', 'Europe/Vaduz'),
(223, 'LK', 'Asia/Colombo'),
(224, 'LR', 'Africa/Monrovia'),
(225, 'LS', 'Africa/Maseru'),
(226, 'LT', 'Europe/Vilnius'),
(227, 'LU', 'Europe/Luxembourg'),
(228, 'LV', 'Europe/Riga'),
(229, 'LY', 'Africa/Tripoli'),
(230, 'MA', 'Africa/Casablanca'),
(231, 'MC', 'Europe/Monaco'),
(232, 'MD', 'Europe/Chisinau'),
(233, 'ME', 'Europe/Podgorica'),
(234, 'MF', 'America/Marigot'),
(235, 'MG', 'Indian/Antananarivo'),
(236, 'MH', 'Pacific/Majuro'),
(237, 'MH', 'Pacific/Kwajalein'),
(238, 'MK', 'Europe/Skopje'),
(239, 'ML', 'Africa/Bamako'),
(240, 'MM', 'Asia/Rangoon'),
(241, 'MN', 'Asia/Ulaanbaatar'),
(242, 'MN', 'Asia/Hovd'),
(243, 'MN', 'Asia/Choibalsan'),
(244, 'MO', 'Asia/Macau'),
(245, 'MP', 'Pacific/Saipan'),
(246, 'MQ', 'America/Martinique'),
(247, 'MR', 'Africa/Nouakchott'),
(248, 'MS', 'America/Montserrat'),
(249, 'MT', 'Europe/Malta'),
(250, 'MU', 'Indian/Mauritius'),
(251, 'MV', 'Indian/Maldives'),
(252, 'MW', 'Africa/Blantyre'),
(253, 'MX', 'America/Mexico_City'),
(254, 'MX', 'America/Cancun'),
(255, 'MX', 'America/Merida'),
(256, 'MX', 'America/Monterrey'),
(257, 'MX', 'America/Matamoros'),
(258, 'MX', 'America/Mazatlan'),
(259, 'MX', 'America/Chihuahua'),
(260, 'MX', 'America/Ojinaga'),
(261, 'MX', 'America/Hermosillo'),
(262, 'MX', 'America/Tijuana'),
(263, 'MX', 'America/Bahia_Banderas'),
(264, 'MY', 'Asia/Kuala_Lumpur'),
(265, 'MY', 'Asia/Kuching'),
(266, 'MZ', 'Africa/Maputo'),
(267, 'NA', 'Africa/Windhoek'),
(268, 'NC', 'Pacific/Noumea'),
(269, 'NE', 'Africa/Niamey'),
(270, 'NF', 'Pacific/Norfolk'),
(271, 'NG', 'Africa/Lagos'),
(272, 'NI', 'America/Managua'),
(273, 'NL', 'Europe/Amsterdam'),
(274, 'NO', 'Europe/Oslo'),
(275, 'NP', 'Asia/Kathmandu'),
(276, 'NR', 'Pacific/Nauru'),
(277, 'NU', 'Pacific/Niue'),
(278, 'NZ', 'Pacific/Auckland'),
(279, 'NZ', 'Pacific/Chatham'),
(280, 'OM', 'Asia/Muscat'),
(281, 'PA', 'America/Panama'),
(282, 'PE', 'America/Lima'),
(283, 'PF', 'Pacific/Tahiti'),
(284, 'PF', 'Pacific/Marquesas'),
(285, 'PF', 'Pacific/Gambier'),
(286, 'PG', 'Pacific/Port_Moresby'),
(287, 'PG', 'Pacific/Bougainville'),
(288, 'PH', 'Asia/Manila'),
(289, 'PK', 'Asia/Karachi'),
(290, 'PL', 'Europe/Warsaw'),
(291, 'PM', 'America/Miquelon'),
(292, 'PN', 'Pacific/Pitcairn'),
(293, 'PR', 'America/Puerto_Rico'),
(294, 'PS', 'Asia/Gaza'),
(295, 'PS', 'Asia/Hebron'),
(296, 'PT', 'Europe/Lisbon'),
(297, 'PT', 'Atlantic/Madeira'),
(298, 'PT', 'Atlantic/Azores'),
(299, 'PW', 'Pacific/Palau'),
(300, 'PY', 'America/Asuncion'),
(301, 'QA', 'Asia/Qatar'),
(302, 'RE', 'Indian/Reunion'),
(303, 'RO', 'Europe/Bucharest'),
(304, 'RS', 'Europe/Belgrade'),
(305, 'RU', 'Europe/Kaliningrad'),
(306, 'RU', 'Europe/Moscow'),
(307, 'RU', 'Europe/Simferopol'),
(308, 'RU', 'Europe/Volgograd'),
(309, 'RU', 'Europe/Kirov'),
(310, 'RU', 'Europe/Astrakhan'),
(311, 'RU', 'Europe/Samara'),
(312, 'RU', 'Europe/Ulyanovsk'),
(313, 'RU', 'Asia/Yekaterinburg'),
(314, 'RU', 'Asia/Omsk'),
(315, 'RU', 'Asia/Novosibirsk'),
(316, 'RU', 'Asia/Barnaul'),
(317, 'RU', 'Asia/Tomsk'),
(318, 'RU', 'Asia/Novokuznetsk'),
(319, 'RU', 'Asia/Krasnoyarsk'),
(320, 'RU', 'Asia/Irkutsk'),
(321, 'RU', 'Asia/Chita'),
(322, 'RU', 'Asia/Yakutsk'),
(323, 'RU', 'Asia/Khandyga'),
(324, 'RU', 'Asia/Vladivostok'),
(325, 'RU', 'Asia/Ust-Nera'),
(326, 'RU', 'Asia/Magadan'),
(327, 'RU', 'Asia/Sakhalin'),
(328, 'RU', 'Asia/Srednekolymsk'),
(329, 'RU', 'Asia/Kamchatka'),
(330, 'RU', 'Asia/Anadyr'),
(331, 'RW', 'Africa/Kigali'),
(332, 'SA', 'Asia/Riyadh'),
(333, 'SB', 'Pacific/Guadalcanal'),
(334, 'SC', 'Indian/Mahe'),
(335, 'SD', 'Africa/Khartoum'),
(336, 'SE', 'Europe/Stockholm'),
(337, 'SG', 'Asia/Singapore'),
(338, 'SH', 'Atlantic/St_Helena'),
(339, 'SI', 'Europe/Ljubljana'),
(340, 'SJ', 'Arctic/Longyearbyen'),
(341, 'SK', 'Europe/Bratislava'),
(342, 'SL', 'Africa/Freetown'),
(343, 'SM', 'Europe/San_Marino'),
(344, 'SN', 'Africa/Dakar'),
(345, 'SO', 'Africa/Mogadishu'),
(346, 'SR', 'America/Paramaribo'),
(347, 'SS', 'Africa/Juba'),
(348, 'ST', 'Africa/Sao_Tome'),
(349, 'SV', 'America/El_Salvador'),
(350, 'SX', 'America/Lower_Princes'),
(351, 'SY', 'Asia/Damascus'),
(352, 'SZ', 'Africa/Mbabane'),
(353, 'TC', 'America/Grand_Turk'),
(354, 'TD', 'Africa/Ndjamena'),
(355, 'TF', 'Indian/Kerguelen'),
(356, 'TG', 'Africa/Lome'),
(357, 'TH', 'Asia/Bangkok'),
(358, 'TJ', 'Asia/Dushanbe'),
(359, 'TK', 'Pacific/Fakaofo'),
(360, 'TL', 'Asia/Dili'),
(361, 'TM', 'Asia/Ashgabat'),
(362, 'TN', 'Africa/Tunis'),
(363, 'TO', 'Pacific/Tongatapu'),
(364, 'TR', 'Europe/Istanbul'),
(365, 'TT', 'America/Port_of_Spain'),
(366, 'TV', 'Pacific/Funafuti'),
(367, 'TW', 'Asia/Taipei'),
(368, 'TZ', 'Africa/Dar_es_Salaam'),
(369, 'UA', 'Europe/Kiev'),
(370, 'UA', 'Europe/Uzhgorod'),
(371, 'UA', 'Europe/Zaporozhye'),
(372, 'UG', 'Africa/Kampala'),
(373, 'UM', 'Pacific/Johnston'),
(374, 'UM', 'Pacific/Midway'),
(375, 'UM', 'Pacific/Wake'),
(376, 'US', 'America/New_York'),
(377, 'US', 'America/Detroit'),
(378, 'US', 'America/Kentucky/Louisville'),
(379, 'US', 'America/Kentucky/Monticello'),
(380, 'US', 'America/Indiana/Indianapolis'),
(381, 'US', 'America/Indiana/Vincennes'),
(382, 'US', 'America/Indiana/Winamac'),
(383, 'US', 'America/Indiana/Marengo'),
(384, 'US', 'America/Indiana/Petersburg'),
(385, 'US', 'America/Indiana/Vevay'),
(386, 'US', 'America/Chicago'),
(387, 'US', 'America/Indiana/Tell_City'),
(388, 'US', 'America/Indiana/Knox'),
(389, 'US', 'America/Menominee'),
(390, 'US', 'America/North_Dakota/Center'),
(391, 'US', 'America/North_Dakota/New_Salem'),
(392, 'US', 'America/North_Dakota/Beulah'),
(393, 'US', 'America/Denver'),
(394, 'US', 'America/Boise'),
(395, 'US', 'America/Phoenix'),
(396, 'US', 'America/Los_Angeles'),
(397, 'US', 'America/Anchorage'),
(398, 'US', 'America/Juneau'),
(399, 'US', 'America/Sitka'),
(400, 'US', 'America/Metlakatla'),
(401, 'US', 'America/Yakutat'),
(402, 'US', 'America/Nome'),
(403, 'US', 'America/Adak'),
(404, 'US', 'Pacific/Honolulu'),
(405, 'UY', 'America/Montevideo'),
(406, 'UZ', 'Asia/Samarkand'),
(407, 'UZ', 'Asia/Tashkent'),
(408, 'VA', 'Europe/Vatican'),
(409, 'VC', 'America/St_Vincent'),
(410, 'VE', 'America/Caracas'),
(411, 'VG', 'America/Tortola'),
(412, 'VI', 'America/St_Thomas'),
(413, 'VN', 'Asia/Ho_Chi_Minh'),
(414, 'VU', 'Pacific/Efate'),
(415, 'WF', 'Pacific/Wallis'),
(416, 'WS', 'Pacific/Apia'),
(417, 'YE', 'Asia/Aden'),
(418, 'YT', 'Indian/Mayotte'),
(419, 'ZA', 'Africa/Johannesburg'),
(420, 'ZM', 'Africa/Lusaka'),
(421, 'ZW', 'Africa/Harare');

-- --------------------------------------------------------

--
-- Table structure for table `user_roles`
--

CREATE TABLE `user_roles` (
  `id` int(11) NOT NULL,
  `name` varchar(255) COLLATE utf8_unicode_ci NOT NULL,
  `created_user_id` int(11) NOT NULL,
  `created_datetime` datetime NOT NULL,
  `updated_user_id` int(11) NOT NULL,
  `updated_datetime` datetime NOT NULL
) ENGINE=MyISAM DEFAULT CHARSET=utf8 COLLATE=utf8_unicode_ci;

--
-- Dumping data for table `user_roles`
--

INSERT INTO `user_roles` (`id`, `name`, `created_user_id`, `created_datetime`, `updated_user_id`, `updated_datetime`) VALUES
(1, 'Administrator', 1, '2016-08-16 00:00:00', 0, '0000-00-00 00:00:00'),
(2, 'Manager', 1, '2016-08-16 00:00:00', 0, '0000-00-00 00:00:00'),
(3, 'Cashier', 1, '2016-08-16 00:00:00', 0, '0000-00-00 00:00:00');

--
-- Indexes for dumped tables
--

--
-- Indexes for table `category`
--
ALTER TABLE `category`
  ADD PRIMARY KEY (`id`);

--
-- Indexes for table `ci_sessions`
--
ALTER TABLE `ci_sessions`
  ADD PRIMARY KEY (`id`),
  ADD KEY `ci_sessions_timestamp` (`timestamp`);

--
-- Indexes for table `currency`
--
ALTER TABLE `currency`
  ADD PRIMARY KEY (`iso`),
  ADD UNIQUE KEY `name` (`name`);

--
-- Indexes for table `customers`
--
ALTER TABLE `customers`
  ADD PRIMARY KEY (`id`);

--
-- Indexes for table `expenses`
--
ALTER TABLE `expenses`
  ADD PRIMARY KEY (`id`);

--
-- Indexes for table `expense_categories`
--
ALTER TABLE `expense_categories`
  ADD PRIMARY KEY (`id`);

--
-- Indexes for table `inventory`
--
ALTER TABLE `inventory`
  ADD PRIMARY KEY (`id`);

--
-- Indexes for table `order_items`
--
ALTER TABLE `order_items`
  ADD PRIMARY KEY (`id`);

--
-- Indexes for table `outlets`
--
ALTER TABLE `outlets`
  ADD PRIMARY KEY (`id`);

--
-- Indexes for table `payment_method`
--
ALTER TABLE `payment_method`
  ADD PRIMARY KEY (`id`);

--
-- Indexes for table `products`
--
ALTER TABLE `products`
  ADD PRIMARY KEY (`id`);

--
-- Indexes for table `purchase_order`
--
ALTER TABLE `purchase_order`
  ADD PRIMARY KEY (`id`);

--
-- Indexes for table `purchase_order_items`
--
ALTER TABLE `purchase_order_items`
  ADD PRIMARY KEY (`id`);

--
-- Indexes for table `purchase_order_status`
--
ALTER TABLE `purchase_order_status`
  ADD PRIMARY KEY (`id`);

--
-- Indexes for table `return_items`
--
ALTER TABLE `return_items`
  ADD PRIMARY KEY (`id`);

--
-- Indexes for table `site_setting`
--
ALTER TABLE `site_setting`
  ADD PRIMARY KEY (`id`);

--
-- Indexes for table `suppliers`
--
ALTER TABLE `suppliers`
  ADD PRIMARY KEY (`id`);

--
-- Indexes for table `suspend`
--
ALTER TABLE `suspend`
  ADD PRIMARY KEY (`id`);

--
-- Indexes for table `suspend_items`
--
ALTER TABLE `suspend_items`
  ADD PRIMARY KEY (`id`);

--
-- Indexes for table `timezones`
--
ALTER TABLE `timezones`
  ADD PRIMARY KEY (`id`);

--
-- Indexes for table `user_roles`
--
ALTER TABLE `user_roles`
  ADD PRIMARY KEY (`id`);

--
-- AUTO_INCREMENT for dumped tables
--

--
-- AUTO_INCREMENT for table `category`
--
ALTER TABLE `category`
  MODIFY `id` int(11) NOT NULL AUTO_INCREMENT, AUTO_INCREMENT=9;

--
-- AUTO_INCREMENT for table `customers`
--
ALTER TABLE `customers`
  MODIFY `id` int(11) NOT NULL AUTO_INCREMENT, AUTO_INCREMENT=2;

--
-- AUTO_INCREMENT for table `expenses`
--
ALTER TABLE `expenses`
  MODIFY `id` int(11) NOT NULL AUTO_INCREMENT, AUTO_INCREMENT=5;

--
-- AUTO_INCREMENT for table `expense_categories`
--
ALTER TABLE `expense_categories`
  MODIFY `id` int(11) NOT NULL AUTO_INCREMENT, AUTO_INCREMENT=2;

--
-- AUTO_INCREMENT for table `inventory`
--
ALTER TABLE `inventory`
  MODIFY `id` int(11) NOT NULL AUTO_INCREMENT, AUTO_INCREMENT=57;

--
-- AUTO_INCREMENT for table `order_items`
--
ALTER TABLE `order_items`
  MODIFY `id` int(11) NOT NULL AUTO_INCREMENT, AUTO_INCREMENT=78;

--
-- AUTO_INCREMENT for table `outlets`
--
ALTER TABLE `outlets`
  MODIFY `id` int(11) NOT NULL AUTO_INCREMENT, AUTO_INCREMENT=7;

--
-- AUTO_INCREMENT for table `payment_method`
--
ALTER TABLE `payment_method`
  MODIFY `id` int(11) NOT NULL AUTO_INCREMENT, AUTO_INCREMENT=8;

--
-- AUTO_INCREMENT for table `products`
--
ALTER TABLE `products`
  MODIFY `id` int(11) NOT NULL AUTO_INCREMENT, AUTO_INCREMENT=49;

--
-- AUTO_INCREMENT for table `purchase_order`
--
ALTER TABLE `purchase_order`
  MODIFY `id` int(11) NOT NULL AUTO_INCREMENT, AUTO_INCREMENT=6;

--
-- AUTO_INCREMENT for table `purchase_order_items`
--
ALTER TABLE `purchase_order_items`
  MODIFY `id` int(11) NOT NULL AUTO_INCREMENT, AUTO_INCREMENT=19;

--
-- AUTO_INCREMENT for table `purchase_order_status`
--
ALTER TABLE `purchase_order_status`
  MODIFY `id` int(11) NOT NULL AUTO_INCREMENT, AUTO_INCREMENT=4;

--
-- AUTO_INCREMENT for table `return_items`
--
ALTER TABLE `return_items`
  MODIFY `id` int(11) NOT NULL AUTO_INCREMENT, AUTO_INCREMENT=2;

--
-- AUTO_INCREMENT for table `site_setting`
--
ALTER TABLE `site_setting`
  MODIFY `id` int(11) NOT NULL AUTO_INCREMENT, AUTO_INCREMENT=2;

--
-- AUTO_INCREMENT for table `suppliers`
--
ALTER TABLE `suppliers`
  MODIFY `id` int(11) NOT NULL AUTO_INCREMENT, AUTO_INCREMENT=6;

--
-- AUTO_INCREMENT for table `suspend`
--
ALTER TABLE `suspend`
  MODIFY `id` int(11) NOT NULL AUTO_INCREMENT, AUTO_INCREMENT=8;

--
-- AUTO_INCREMENT for table `suspend_items`
--
ALTER TABLE `suspend_items`
  MODIFY `id` int(11) NOT NULL AUTO_INCREMENT, AUTO_INCREMENT=15;

--
-- AUTO_INCREMENT for table `timezones`
--
ALTER TABLE `timezones`
  MODIFY `id` int(11) NOT NULL AUTO_INCREMENT, AUTO_INCREMENT=422;

--
-- AUTO_INCREMENT for table `user_roles`
--
ALTER TABLE `user_roles`
  MODIFY `id` int(11) NOT NULL AUTO_INCREMENT, AUTO_INCREMENT=4;
COMMIT;

